me factors of r(k)?
2, 3
Let h(k) = -4*k + 21. What are the prime factors of h(4)?
5
Suppose -70 = -3*c + p, -2*c + 6*c + 2*p = 90. What are the prime factors of c?
23
Let t = -13 - -7. Let n = -4 - t. List the prime factors of n.
2
Suppose 0*b + 16 = -8*b. Suppose 4*u + 5*w - 11 = 0, u + 6 = 5*w - 10. What are the prime factors of (2 - 5)*(b + u)?
3
List the prime factors of -41*(-2)/(0 + 2).
41
Let p = 74 + 8. What are the prime factors of p?
2, 41
Let j(i) = -i**3 - 3*i**2 - 4*i - 2. Let t be j(-2). Suppose 0 = -t*k + k + 23. List the prime factors of k.
23
Let g(b) = 3*b - 8. Suppose 3*u = 9 + 6. List the prime factors of g(u).
7
Suppose 6*r - 8 = 2*r. Suppose -3*f + r*f - 2 = 0. List the prime factors of (-3)/(-2)*(4 + f).
3
Suppose -n - 15 = 4*o + o, -n + 12 = -4*o. Let t = o + 5. Let r = 2 + t. List the prime factors of r.
2
What are the prime factors of (-6 - -5)*-1*5?
5
Suppose 5*i = 2*i + 27. Suppose -5*y - i = -n, -120 = -2*n - 2*n - y. List the prime factors of n.
29
Let t(x) = -2 - 17*x + 0*x**2 + 23*x**2 + 16*x. What are the prime factors of t(-1)?
2, 11
Suppose 0*n + 60 = 3*n. Suppose 5*o = -3*p + 104, -5*o - 56 = -2*p - n. Let r = p - 16. List the prime factors of r.
2, 3
What are the prime factors of 1/(4 + 1260/(-316))?
79
Suppose 28 = 3*s - 2. Suppose -s + 0 = -2*z. What are the prime factors of z?
5
Let a be (1/3)/(1/3). Suppose 0*o = -2*h + 5*o - 13, 0 = -o + a. What are the prime factors of 3 - (h/(-2) + -2)?
3
Suppose -f - 5*k + 0*k + 275 = 0, 5*f + k = 1255. What are the prime factors of f?
2, 5
Let d(p) = p - 3. Let i be d(6). Let w = i + 8. List the prime factors of w.
11
Let t(a) = a**3 - 8*a**2 + 2*a + 10. Let n be t(7). Let q = -11 - n. Let u = q + -6. What are the prime factors of u?
2
Let i(n) be the second derivative of -n**5/20 + n**4/4 - n**3/6 + n**2/2 - n. What are the prime factors of i(2)?
3
Let f(i) be the first derivative of i**2/2 + 23*i - 9. What are the prime factors of f(0)?
23
Suppose -g = -21 - 70. What are the prime factors of g?
7, 13
Suppose 0 = 3*o - 2*l - 1, -5*o - 4*l + 27 = -l. Suppose -x + 15 - o = 0. Suppose -5*n + 8 + x = 0. What are the prime factors of n?
2
Suppose -o + 16 = -4. What are the prime factors of o?
2, 5
Let g = 4 - -2. Let t = 0 + g. What are the prime factors of t?
2, 3
Suppose -8*x + 10 + 46 = 0. List the prime factors of x.
7
Let g(v) = 5*v + 19. Let s be g(-9). Let k = 3 + -6. Let h = k - s. What are the prime factors of h?
23
Let q(v) = -1 + 2 - 3 - v. Let c(x) = 2*x. Let j be c(-3). List the prime factors of q(j).
2
Let c = 406 + -276. List the prime factors of c.
2, 5, 13
Let o = 157 + -328. List the prime factors of o/6*4/(-6).
19
Let f(w) = -w**2 + w**2 - 2 - 7*w + w**2. Let b be f(5). Let v = b + 24. What are the prime factors of v?
2, 3
Let f(v) = 3*v**3 + 11*v**2 - 2*v - 13. Let w(a) = -13*a**3 - 45*a**2 + 8*a + 52. Let q(h) = 9*f(h) + 2*w(h). What are the prime factors of q(-9)?
5
Let d(r) = -r**3 + 3*r**2 + 3*r - 4. Let z be d(3). Let x(l) be the third derivative of l**4/8 - 5*l**3/6 + 2*l**2. What are the prime factors of x(z)?
2, 5
What are the prime factors of 2 + (3 - (-1 + -1))?
7
Suppose -12 - 43 = 5*o. Let x(k) = k**3 + 10*k**2 - 11*k + 11. List the prime factors of x(o).
11
Suppose 5*t + 4*k = -326, 161 + 41 = -3*t - 4*k. Let f = t + 94. List the prime factors of f.
2
Let y(i) = -6*i + i**2 + 4*i + 2*i**2. Let z be y(2). Let a = z + 7. What are the prime factors of a?
3, 5
Let g = 2 - -1. Let h = 9 - g. Suppose -40 = -5*r - m, 9 + h = 3*m. List the prime factors of r.
7
Let d be (-19 + 4)/((-3)/(-2)). Let r be (d/8)/(2/(-32)). List the prime factors of ((-12)/r)/(1/(-5)).
3
Suppose 2*s = 5*s - 75. What are the prime factors of (-4)/(-10) + 190/s?
2
Let h(z) = z**3 + z - 10. List the prime factors of h(5).
2, 3, 5
List the prime factors of -343*((-2)/7 + 55/(-77)).
7
List the prime factors of (-6 - -8)/((-2)/(-67)).
67
Let t be ((-30)/(-3) - -2)/(2/2). Let k(q) = -q**3 + q**2 + q + 1. Let i be k(-1). Suppose i*r - t = -0*r. What are the prime factors of r?
2, 3
Let g(n) = -8*n. What are the prime factors of g(-3)?
2, 3
Suppose 0 = 4*k - 0*k - 16. What are the prime factors of k?
2
Let k = -31 + 61. Suppose 0*v - 2*c + k = v, c = -3*v + 65. What are the prime factors of v?
2, 5
Suppose 0*s = -s, 5*g = -2*s + 40. Let x(t) = t + 7. What are the prime factors of x(g)?
3, 5
Suppose 2*d = d + 5. Let g(b) = 0*b + b - d - 4*b + 0*b. List the prime factors of g(-6).
13
Let t be 1 + -1 + 0 + 23. Let a be -2*t*(-3)/6. What are the prime factors of a/4 + 6/24?
2, 3
Suppose 2*p = -7*t + 6*t + 152, -5*t + 3*p = -734. List the prime factors of t.
2, 37
What are the prime factors of (-40)/((6/(-7))/3)?
2, 5, 7
Let y(r) = -2 + r - 3*r**3 + r**2 - 1 + 3. Let p be y(-1). Suppose 2*o = -p*o + 20. List the prime factors of o.
2
Let h be 12/7 - (-8)/28. List the prime factors of (h/4 - -1)*2.
3
Suppose n - 8 = -0. Suppose -3*d = -10 - n. What are the prime factors of d?
2, 3
Suppose g + 3*g + 40 = 0. Let t be (-1 - -1) + g/2. Let l = -3 - t. List the prime factors of l.
2
Let b(m) = m + 3. List the prime factors of b(12).
3, 5
Suppose -3*t + 150 + 114 = 0. Suppose 0 = 3*y - 5*a - t, 3*y - a - 2*a = 84. List the prime factors of y.
2, 13
Suppose -6*z + 1315 = -z. List the prime factors of z.
263
Suppose -4*q = -3*f + 287, -4*f - 4*q + 15 = -405. What are the prime factors of f?
101
Suppose -f - 4*n = -94, 2*f - 4*f + n + 161 = 0. List the prime factors of f.
2, 41
Let x = -6 - -17. What are the prime factors of x?
11
Let c be (-1*(1 + -2))/1. Let y = 1 + c. Suppose -1 = 4*z + 3*a + y, z - 8 = a. List the prime factors of z.
3
Let a(r) = r + 4. Let p(y) = -y**2 + y + 4. Let j be p(0). Suppose 7*o - 20 = -3*g + 2*o, 16 = -5*g + j*o. List the prime factors of a(g).
2
Suppose 12*b + 496 = 14*b. What are the prime factors of b?
2, 31
Let q(s) = s**2 - s + 7. Suppose -3*b - 36 = -b. Let c be 0*-3*3/b. What are the prime factors of q(c)?
7
Let o be 6 - (2 - 2) - 2. Suppose 4*s - q = -2*q + 16, -o*q = -s + 21. Suppose -s*k + 26 = -3*c + 4*c, 0 = k + 3*c + 6. List the prime factors of k.
2, 3
Suppose 2*n + n = q + 2, 2*n - 48 = -4*q. Suppose -q*f + 312 = -2*f. List the prime factors of f.
3, 13
Suppose -843 + 225 = -3*d - 5*k, 2*k = -5*d + 1011. What are the prime factors of d?
3, 67
Let d(i) = 10 + 1 - 2*i + 3*i. Let b be d(0). Let g = b + 9. List the prime factors of g.
2, 5
Let a = -105 + 173. Let u = a + -37. Suppose 4*x = 2*z - z + u, -2*x + 23 = -3*z. List the prime factors of x.
7
Suppose 45 = 4*i + 9. List the prime factors of 1*3 + (8 - i).
2
Let t(a) = -a**3 + 5*a**2 - 5. Let m be t(4). Let q = m - 8. List the prime factors of q.
3
Let f(b) = -12*b + 1. Suppose 4 + 0 = -2*k. What are the prime factors of f(k)?
5
Suppose 0*o - o - 39 = -3*u, 3*u - 2*o - 36 = 0. What are the prime factors of u?
2, 7
Suppose h - 41 = 5*o + 26, 0 = -5*h - 2*o + 416. List the prime factors of h.
2, 41
Let d = 17 + 2. What are the prime factors of d?
19
Suppose -4*v = v - 145. List the prime factors of v.
29
Let k be (-6)/(-12) + (-194)/(-4). Suppose 3*g + 33 = 3*s, -2*s + g - k = -5*s. List the prime factors of s.
3, 5
Let d(u) = 2*u - 2. Let w(s) = 3*s - 2. Let p(q) = 4*d(q) - 3*w(q). Let j be p(2). Let b(g) = g**2 + 4*g + 3. What are the prime factors of b(j)?
3
Let t = 6 + 1. List the prime factors of t.
7
List the prime factors of 40/(-8) + 164/2.
7, 11
Suppose 0 = o + 4*q - 14, -3*o + 74 = -0*o + 4*q. Let b = o - 21. What are the prime factors of b?
3
Suppose 4 = 2*f - 0*f. Suppose -6 = -4*j + f, 4*k + 4*j = 44. List the prime factors of k.
3
Suppose 222 = -3*s + 6*s. What are the prime factors of s?
2, 37
Suppose 0 = 3*j - 5 - 7. What are the prime factors of j?
2
Let i = -20 + 8. Let c = 22 + i. What are the prime factors of c?
2, 5
Let n(r) = r**2 - r + 3. What are the prime factors of n(5)?
23
Let o = -51 + 103. Suppose -2*j = -6*j + o. Suppose -j = 5*w - 33. What are the prime factors of w?
2
Let f(x) = x**2 + 14*x - 14*x + 1. List the prime factors of f(-3).
2, 5
Suppose -5*t - 325 = -105. Let j = 74 + t. What are the prime factors of j?
2, 3, 5
What are the prime factors of (-571)/(-7) - (-76)/(-133)?
3
Let x(i) = -i**3 - 2*i**2 + 3*i + 3. Let u be x(-3). Let a(g) = -7*g**2 + 1. 